2*z**2 + 7*z + 10. Let q be r(-2). Suppose 2798 - 570 = q*v. Is v composite?
False
Let z(b) = 2*b**2 - 14*b - 1. Let f = 27 + -38. Let d(h) = -6*h**2 + 41*h + 3. Let n(c) = f*z(c) - 4*d(c). Is n(-9) a prime number?
True
Let f = -2625 - -4754. Is f a prime number?
True
Suppose -7*f + 2*f = -4*p - 221, 54 = -p + f. Let j = p + 132. Is j a composite number?
False
Suppose 3*j - 1 - 3 = p, 3*j = 5*p - 16. Suppose f - 8166 = -p*f. Is f a prime number?
True
Let g = -1 - -6. Let n = 237 + -70. Suppose o + 334 = 2*z + g*o, -z = 4*o - n. Is z composite?
False
Let t be (3 - -2) + (0 - 0). Suppose 5*p - 2*l + 22 = -0*l, -t*l = 4*p + 11. Is 1052/(-2)*2/p prime?
True
Let k(y) = -2*y + 9. Let b be k(3). Suppose -3*r = d - 391, 4*r + b*d = 733 - 215. Is r prime?
True
Let o(h) = -h**2 + 6*h - 2. Let m be o(4). Suppose 2*x + 8 = m. Is (-5 + x)/((-10)/215) prime?
False
Suppose 0 = h + 5*w + 189, h + 205 - 24 = -3*w. Let j = -44 + -19. Let c = j - h. Is c a composite number?
True
Suppose 0 = -5*v + 6 + 4. Suppose 0 = -v*m + 2775 + 1327. Is m a prime number?
False
Let u = -9 + 9. Suppose 5*d + 7 + 3 = u, 818 = 2*t + 5*d. Is t + 0 + -2 + 1 a composite number?
True
Let p = -41 - -818. Suppose -3*q = p + 4656. Let x = q - -2860. Is x composite?
False
Suppose 0 = -4*x + 843 + 49841. Is x composite?
False
Let k = -539 - -1801. Is k a composite number?
True
Let b(h) = -h**3 - 4*h + 2374. Is b(0) a composite number?
True
Suppose -44*y + 54*y - 99930 = 0. Is y prime?
False
Let q(d) = 49*d + 19. Let l(f) = 25*f + 9. Let n(g) = -13*l(g) + 6*q(g). Is n(-4) a composite number?
True
Let q(j) = 112*j + 2. Let y be q(8). Let h = y + 601. Is h composite?
False
Suppose 58 = 4*j - 450. Is (1 - (-13 - -5))*j/3 prime?
False
Let v = 22062 + -14815. Is v prime?
True
Let o = 3154 + 10077. Is o a prime number?
False
Let z be 0/(3 + -2)*-1. Let k(a) = a**3 - a - 40. Let f be k(z). Let o = 69 - f. Is o composite?
False
Suppose 0 = -3*u - 23 + 32. Suppose 2*v + 5*k - 128 = 328, u*k = 6. Is v composite?
False
Suppose 2*a = 4*u - 9*u - 5, 0 = -5*a - 4*u - 4. Suppose a = 14*p - 9*p - 12135. Is p composite?
True
Suppose 8 = -3*p + 4*z, 7*z - 17 = 2*p + 2*z. Suppose -p*t + 10 - 2 = 0. Suppose -i + 4*h = -88 - 279, 3*i = t*h + 1071. Is i prime?
False
Let q = -4970 - -38347. Is q a prime number?
True
Let g(t) = -t**3 + 11*t**2 + 3*t - 3. Let b be g(11). Let y = b + -11. Is y a composite number?
False
Suppose 22*k - 47760 - 162186 = 0. Is k a prime number?
False
Suppose -3652 = a - 17703. Is a prime?
True
Let h be (-416)/(-5) - 5/25. Suppose -p + h = 18. Suppose p = v - 14. Is v a prime number?
True
Let f(g) = -g + 9. Let l be f(10). Let s be (-7124)/16 - l/4. Let d = s - -656. Is d composite?
False
Let w(f) = -1102*f - 1. Is w(-2) prime?
True
Suppose c = 4*c - 21. Suppose c*k - 1484 = 1169. Is k a prime number?
True
Suppose 2*o - 269 = w, -2*w = -5*o + 3*w + 665. Suppose 3*s = 2*j + o, 3*s = 5*j - 4*j + 74. Is (j/8)/((-3)/36) composite?
True
Let w(r) = -163*r**3 + 4*r**2 + 3*r + 13. Is w(-3) composite?
False
Suppose -377 = 3*o - 5*z, 9*o = 4*o - z - 675. Let c = 57 - o. Is c composite?
False
Let a be 0 + 4/8*6. Suppose h = a*y + 283, -h = 3*h + y - 1197. Is h a prime number?
False
Suppose 0 = -3*y + 41 - 5. Suppose -4718 = -y*c + 10*c. Is c a prime number?
False
Suppose -38 = -n - 37. Suppose -4*g + 4*b = -1228, b = -n - 1. Is g a prime number?
False
Suppose 3*a - 6 = a. Suppose -3*d + a*i + 3452 = -2512, -2*d = 3*i - 3961. Is d prime?
False
Let d(v) = -2658*v - 53. Is d(-4) prime?
False
Suppose 556 - 5092 = -6*t. Suppose 0*x = -3*x + t. Let q = 473 - x. Is q composite?
True
Suppose 0 = -3*t - 46*r + 51*r + 139, -5*r = -2*t + 86. Is t composite?
False
Let x(w) = -8*w**3 + 3*w**2 - 8*w - 16. Let n be x(-8). Let b = -929 + n. Is b composite?
False
Suppose 18*p = 15*p + 32979. Is p prime?
True
Let o(d) = -15*d**2 - d - 9. Let y(f) = -29*f**2 - 2*f - 17. Let j(g) = 11*o(g) - 6*y(g). Let x = 0 + 3. Is j(x) composite?
True
Suppose 0 = 21*f + 694591 - 2095858. Is f prime?
False
Let q be (-2)/12 - (-3962)/12. Let y = q + -119. Is y a prime number?
True
Let v = 575 + 129. Let y = -493 + v. Is y prime?
True
Let k(j) = -j**2 - 4*j + 2. Let m be k(-3). Suppose g - 823 - 3 = m*z, 0 = 2*z + 2. Is g prime?
True
Let o = -20 + 18. Let i(c) = c**3 + 2*c**2 + c. Let w be i(o). Is ((-807)/(-6))/(w/(-4)) prime?
True
Let g(j) = -26*j**2 + 5*j - 3. Let w be g(-4). Let b = 746 + w. Is b prime?
True
Let g = -1 - -7. Suppose -3*l = 4*a - 136, -l - a = -g*l + 219. Suppose 3*k - l = 445. Is k a composite number?
False
Let r = 19 + -11. Suppose 4*f + d = 11290, -5*d = -r*f + 3*f + 14125. Is f prime?
False
Suppose -3*w + 6812 = -2*f, 5*f + 0*f - 4*w + 17044 = 0. Is (0 - f) + 24/(-8)*1 a composite number?
True
Let c = 23 - 20. Let t be -3 + 3 + 1*10. Suppose -t = -c*f + 20. Is f prime?
False
Suppose -6*c = -c + 4*i - 29611, 3*c + 2*i = 17767. Is c a composite number?
False
Let g = 35 - 39. Is (530/(-4))/(2/g) a composite number?
True
Suppose 2*o = o - 13. Is 2/10*(o - -3948) prime?
True
Let q = -24379 + 49322. Is q composite?
False
Is 90/24 + -4 + (-3183)/(-12) prime?
False
Suppose -29*v + 74233 = -10*v. Is v a composite number?
False
Let j(p) = -5*p + 3. Let v be j(6). Let x = -21 - v. Suppose 2*k - x*k + 761 = r, 3*r + 9 = 0. Is k composite?
False
Suppose 3*l = 5*t - 221, -18 - 43 = -t - 5*l. Suppose -n + t = -47. Suppose 0 = -3*w + n + 66. Is w a composite number?
False
Suppose -j = -2*u + 1471, -12 = -8*j + 4*j. Is u a composite number?
True
Let c = -5 - -7. Let j(t) = t**2 - 6*t + 3. Let u be j(6). Suppose c*p = 4*i - 164 + 4, -u*i + 127 = -5*p. Is i a prime number?
False
Let a be (-124)/(-24) + 1/(-6). Suppose -87 - 74 = -3*y + p, -a*y + 269 = -2*p. Is y composite?
False
Suppose 4*v - 3*t = 12608, 0 = 5*v - 8*v - 4*t + 9481. Is v a prime number?
False
Let i = -5 + 10. Suppose 0 = h - 4*b - 567, b - 2835 = -0*h - i*h. Suppose -h = -2*r + 371. Is r a prime number?
False
Suppose -i + 4*c + 3951 = 0, 4*i + 4836 - 20602 = -3*c. Is i a prime number?
True
Suppose -9788 - 227 = -5*p. Is p prime?
True
Let t be 2/8 + 1676/16. Let w be 2076/45 - 14/t. Suppose p - 11 = w. Is p prime?
False
Suppose s - 4*w + 674 = 3*s, -3*s - 2*w = -991. Let p be -2*(7/(-2) + 2). Suppose 2*n - s = p*k + 170, 3*n - 736 = -5*k. Is n a prime number?
False
Let n = 957 - -1491. Let k = n - 1361. Is k composite?
False
Suppose -a - 16513 = 6*a. Is 2/((-6)/(-9)) - a prime?
False
Let t = 36 - 34. Suppose h - t*h = 4. Is 2/h*(-262 + 0) a composite number?
False
Suppose 61 = 5*l + 1. Is l/20 + (-304)/(-10) prime?
True
Is (47757/6)/(-4 - 45/(-10)) composite?
False
Let d(i) = 9*i**2 + 3*i - 5. Let a = -6 + -9. Let g = a + 11. Is d(g) a composite number?
False
Let u = 38 + -38. Suppose -5*f = 0, z - 3943 = -u*z - 3*f. Is z a prime number?
True
Suppose 5*b + 20 = 2*a, 2*a - 3*b = 4*a - 20. Let w = a + 241. Is w a prime number?
True
Is (-2)/(-8) - 4/16*-507 a composite number?
False
Suppose 5*a - 1830 - 250 = 0. Let t = 1061 - a. Suppose 6 + t = 3*p. Is p composite?
True
Let c = -106 + 32. Let l be (-12)/(-78) + c/(-26). Suppose -l*r + 236 = -337. Is r a composite number?
False
Let z(r) = 2311*r - 548. Is z(7) a composite number?
False
Let n(g) = -2402*g**3 - 10*g**2 - 19*g - 7. Is n(-2) a composite number?
False
Let r(b) be the second derivative of 41*b**5/40 - b**4/12 + b**3/2 - 4*b. Let c(j) be the second derivative of r(j). Is c(1) composite?
True
Is (0 + -8 + 9)*(-1399)/(-1) a prime number?
True
Let i = -79 + 85. Suppose i*m - 7*m = -1119. Is m a composite number?
True
Is (5/(-2))/(((-54)/(-11364))/(-9)) a prime number?
False
Let k be (1 + 3)*4/(-8). Let u be k/(-7) - 32/14. Is -291*u*(-2)/(-12) composite?
False
Suppose 7*v - 4892 = -860. Let n be 116/6*66/(-4). Let z = v + n. Is z prime?
True
Let q be 3/(-4) - 31262/88. Let p = 117 - q. Is p prime?
False
Is (-3276)/(3*(-3)/12) + 5 prime?
True
Let v(m) = 3 + 17 + 16 - 100*m - 27. Is v(-4) a composite number?
False
Suppose 0*c + 14 = c - f, f + 53 = 4*c. Suppose -c*o + 15*o = 298. Is o composite?
False
Suppose 0 = 2*o + 4*v + v - 3, -5 = 5*v. Suppose 0*g + 3*j + 3 = 3*g, -2*g = -o*j + 4. Suppose 2*a - 146 = -m - a, -g*m + 601 = -5*a. Is m a prime number?
True
Is ((-8)/1 + -9)*-857 prime?
False
Let a(g) = -g.